{"id":4020,"date":"2023-07-03T07:18:00","date_gmt":"2023-07-03T07:18:00","guid":{"rendered":"https:\/\/longlifechallenge.eu\/nasi-sportowcy\/sebastian-brendel\/"},"modified":"2023-07-03T07:41:43","modified_gmt":"2023-07-03T07:41:43","slug":"sebastian-brendel","status":"publish","type":"page","link":"https:\/\/longlifechallenge.eu\/pl\/nasi-sportowcy\/sebastian-brendel\/","title":{"rendered":"Sebastian Brendel"},"content":{"rendered":"<p>[et_pb_section fb_built=&#8221;1&#8243; _builder_version=&#8221;4.11.1&#8243; _module_preset=&#8221;default&#8221; global_colors_info=&#8221;{}&#8221;][et_pb_row column_structure=&#8221;1_2,1_2&#8243; disabled_on=&#8221;on|off|off&#8221; admin_label=&#8221;Sebastian&#8221; module_id=&#8221;Sebastian&#8221; _builder_version=&#8221;4.11.1&#8243; _module_preset=&#8221;default&#8221; global_colors_info=&#8221;{}&#8221;][et_pb_column type=&#8221;1_2&#8243; _builder_version=&#8221;4.11.1&#8243; _module_preset=&#8221;default&#8221; global_colors_info=&#8221;{}&#8221;][et_pb_text _builder_version=&#8221;4.11.2&#8243; _module_preset=&#8221;default&#8221; text_font_size=&#8221;16px&#8221; header_3_font=&#8221;|800|||||||&#8221; header_3_text_color=&#8221;#a3195c&#8221; header_3_font_size=&#8221;40px&#8221; custom_margin=&#8221;100px||||false|false&#8221; hover_enabled=&#8221;0&#8243; header_3_font_size_tablet=&#8221;&#8221; header_3_font_size_phone=&#8221;35px&#8221; header_3_font_size_last_edited=&#8221;on|phone&#8221; global_colors_info=&#8221;{}&#8221; sticky_enabled=&#8221;0&#8243;]<\/p>\n<h3 style=\"text-align: center;\">SEBASTIAN BRENDEL<\/h3>\n<p>Niemiecki kajakarz, z\u0142oty medalista olimpijski z Londynu w 2012 r., zdoby\u0142 dwa z\u0142ote medale na igrzyskach olimpijskich w Rio w 2016 r., a tak\u017ce br\u0105zowy medal w Tokio w 2020 r.<\/p>\n<p>Brendel zdoby\u0142 r\u00f3wnie\u017c dwa medale na mistrzostwach Europy, wywalczy\u0142 z\u0142oto w Baku w 2015 r. i br\u0105z w Mi\u0144sku w 2019 r., a tak\u017ce uzyska\u0142 20 medali na mistrzostwach \u015bwiata w kajakarstwie oraz 26 medali na mistrzostwach Europy. Sukcesy godne zapami\u0119tania.<\/p>\n<p>[\/et_pb_text][\/et_pb_column][et_pb_column type=&#8221;1_2&#8243; _builder_version=&#8221;4.11.1&#8243; _module_preset=&#8221;default&#8221; global_colors_info=&#8221;{}&#8221;][et_pb_image src=&#8221;https:\/\/longlifechallenge.eu\/wp-content\/uploads\/2021\/10\/sebastian_brendel_pl.jpg&#8221; title_text=&#8221;sebastian_brendel_pl&#8221; _builder_version=&#8221;4.11.2&#8243; _module_preset=&#8221;default&#8221; hover_enabled=&#8221;0&#8243; global_colors_info=&#8221;{}&#8221; sticky_enabled=&#8221;0&#8243;][\/et_pb_image][\/et_pb_column][\/et_pb_row][\/et_pb_section][et_pb_section fb_built=&#8221;1&#8243; _builder_version=&#8221;4.11.2&#8243; _module_preset=&#8221;default&#8221; global_colors_info=&#8221;{}&#8221;][et_pb_row column_structure=&#8221;1_2,1_2&#8243; _builder_version=&#8221;4.11.2&#8243; _module_preset=&#8221;default&#8221; global_colors_info=&#8221;{}&#8221;][et_pb_column type=&#8221;1_2&#8243; _builder_version=&#8221;4.11.2&#8243; _module_preset=&#8221;default&#8221; global_colors_info=&#8221;{}&#8221;][et_pb_image src=&#8221;https:\/\/longlifechallenge.eu\/wp-content\/uploads\/2023\/07\/sebastian_brendel_01.jpg&#8221; title_text=&#8221;sebastian_brendel_01&#8243; url=&#8221;https:\/\/www.instagram.com\/p\/CqqTKr1tNIw\/&#8221; _builder_version=&#8221;4.11.2&#8243; _module_preset=&#8221;default&#8221; global_colors_info=&#8221;{}&#8221;][\/et_pb_image][\/et_pb_column][et_pb_column type=&#8221;1_2&#8243; _builder_version=&#8221;4.11.2&#8243; _module_preset=&#8221;default&#8221; global_colors_info=&#8221;{}&#8221;][\/et_pb_column][\/et_pb_row][\/et_pb_section]<\/p>\n","protected":false},"excerpt":{"rendered":"<p>SEBASTIAN BRENDEL Niemiecki kajakarz, z\u0142oty medalista olimpijski z Londynu w 2012 r., zdoby\u0142 dwa z\u0142ote medale na igrzyskach olimpijskich w Rio w 2016 r., a tak\u017ce br\u0105zowy medal w Tokio w 2020 r. Brendel zdoby\u0142 r\u00f3wnie\u017c dwa medale na mistrzostwach Europy, wywalczy\u0142 z\u0142oto w Baku w 2015 r. i br\u0105z w Mi\u0144sku w 2019 r., [&hellip;]<\/p>\n","protected":false},"author":1,"featured_media":0,"parent":961,"menu_order":0,"comment_status":"closed","ping_status":"closed","template":"","meta":{"_et_pb_use_builder":"on","_et_pb_old_content":"","_et_gb_content_width":"","footnotes":""},"_links":{"self":[{"href":"https:\/\/longlifechallenge.eu\/pl\/wp-json\/wp\/v2\/pages\/4020"}],"collection":[{"href":"https:\/\/longlifechallenge.eu\/pl\/wp-json\/wp\/v2\/pages"}],"about":[{"href":"https:\/\/longlifechallenge.eu\/pl\/wp-json\/wp\/v2\/types\/page"}],"author":[{"embeddable":true,"href":"https:\/\/longlifechallenge.eu\/pl\/wp-json\/wp\/v2\/users\/1"}],"replies":[{"embeddable":true,"href":"https:\/\/longlifechallenge.eu\/pl\/wp-json\/wp\/v2\/comments?post=4020"}],"version-history":[{"count":1,"href":"https:\/\/longlifechallenge.eu\/pl\/wp-json\/wp\/v2\/pages\/4020\/revisions"}],"predecessor-version":[{"id":4048,"href":"https:\/\/longlifechallenge.eu\/pl\/wp-json\/wp\/v2\/pages\/4020\/revisions\/4048"}],"up":[{"embeddable":true,"href":"https:\/\/longlifechallenge.eu\/pl\/wp-json\/wp\/v2\/pages\/961"}],"wp:attachment":[{"href":"https:\/\/longlifechallenge.eu\/pl\/wp-json\/wp\/v2\/media?parent=4020"}],"curies":[{"name":"wp","href":"https:\/\/api.w.org\/{rel}","templated":true}]}}

<p>[et_pb_section fb_built=&#8221;1&#8243; _builder_version=&#8221;4.11.1&#8243; _module_preset=&#8221;default&#8221; global_colors_info=&#8221;{}&#8221;][et_pb_row column_structure=&#8221;1_2,1_2&#8243; disabled_on=&#8221;on|off|off&#8221; admin_label=&#8221;Sebastian&#8221; module_id=&#8221;Sebastian&#8221; _builder_version=&#8221;4.11.1&#8243; _module_preset=&#8221;default&#8221; global_colors_info=&#8221;{}&#8221;][et_pb_column type=&#8221;1_2&#8243; _builder_version=&#8221;4.11.1&#8243; _module_preset=&#8221;default&#8221; global_colors_info=&#8221;{}&#8221;][et_pb_text _builder_version=&#8221;4.11.2&#8243; _module_preset=&#8221;default&#8221; text_font_size=&#8221;16px&#8221; header_3_font=&#8221;|800|||||||&#8221; header_3_text_color=&#8221;#a3195c&#8221; header_3_font_size=&#8221;40px&#8221; custom_margin=&#8221;100px||||false|false&#8221; hover_enabled=&#8221;0&#8243; header_3_font_size_tablet=&#8221;&#8221; header_3_font_size_phone=&#8221;35px&#8221; header_3_font_size_last_edited=&#8221;on|phone&#8221; global_colors_info=&#8221;{}&#8221; sticky_enabled=&#8221;0&#8243;]</p>
<h3 style="text-align: center;">SEBASTIAN BRENDEL</h3>
<p>Niemiecki kajakarz, złoty medalista olimpijski z Londynu w 2012 r., zdobył dwa złote medale na igrzyskach olimpijskich w Rio w 2016 r., a także brązowy medal w Tokio w 2020 r.</p>
<p>Brendel zdobył również dwa medale na mistrzostwach Europy, wywalczył złoto w Baku w 2015 r. i brąz w Mińsku w 2019 r., a także uzyskał 20 medali na mistrzostwach świata w kajakarstwie oraz 26 medali na mistrzostwach Europy. Sukcesy godne zapamiętania.</p>
<p>[/et_pb_text][/et_pb_column][et_pb_column type=&#8221;1_2&#8243; _builder_version=&#8221;4.11.1&#8243; _module_preset=&#8221;default&#8221; global_colors_info=&#8221;{}&#8221;][et_pb_image src=&#8221;https://longlifechallenge.eu/wp-content/uploads/2021/10/sebastian_brendel_pl.jpg&#8221; title_text=&#8221;sebastian_brendel_pl&#8221; _builder_version=&#8221;4.11.2&#8243; _module_preset=&#8221;default&#8221; hover_enabled=&#8221;0&#8243; global_colors_info=&#8221;{}&#8221; sticky_enabled=&#8221;0&#8243;][/et_pb_image][/et_pb_column][/et_pb_row][/et_pb_section][et_pb_section fb_built=&#8221;1&#8243; _builder_version=&#8221;4.11.2&#8243; _module_preset=&#8221;default&#8221; global_colors_info=&#8221;{}&#8221;][et_pb_row column_structure=&#8221;1_2,1_2&#8243; _builder_version=&#8221;4.11.2&#8243; _module_preset=&#8221;default&#8221; global_colors_info=&#8221;{}&#8221;][et_pb_column type=&#8221;1_2&#8243; _builder_version=&#8221;4.11.2&#8243; _module_preset=&#8221;default&#8221; global_colors_info=&#8221;{}&#8221;][et_pb_image src=&#8221;https://longlifechallenge.eu/wp-content/uploads/2023/07/sebastian_brendel_01.jpg&#8221; title_text=&#8221;sebastian_brendel_01&#8243; url=&#8221;https://www.instagram.com/p/CqqTKr1tNIw/&#8221; _builder_version=&#8221;4.11.2&#8243; _module_preset=&#8221;default&#8221; global_colors_info=&#8221;{}&#8221;][/et_pb_image][/et_pb_column][et_pb_column type=&#8221;1_2&#8243; _builder_version=&#8221;4.11.2&#8243; _module_preset=&#8221;default&#8221; global_colors_info=&#8221;{}&#8221;][/et_pb_column][/et_pb_row][/et_pb_section]</p>

<p>SEBASTIAN BRENDEL Niemiecki kajakarz, złoty medalista olimpijski z Londynu w 2012 r., zdobył dwa złote medale na igrzyskach olimpijskich w Rio w 2016 r., a także brązowy medal w Tokio w 2020 r. Brendel zdobył również dwa medale na mistrzostwach Europy, wywalczył złoto w Baku w 2015 r. i brąz w Mińsku w 2019 r., [&hellip;]</p>
