{"id":4017,"date":"2023-07-03T07:17:04","date_gmt":"2023-07-03T07:17:04","guid":{"rendered":"https:\/\/longlifechallenge.eu\/nasi-sportowcy\/ona-carbonell\/"},"modified":"2023-07-03T07:40:51","modified_gmt":"2023-07-03T07:40:51","slug":"ona-carbonell","status":"publish","type":"page","link":"https:\/\/longlifechallenge.eu\/pl\/nasi-sportowcy\/ona-carbonell\/","title":{"rendered":"Ona Carbonell"},"content":{"rendered":"<p>[et_pb_section fb_built=&#8221;1&#8243; _builder_version=&#8221;4.11.1&#8243; _module_preset=&#8221;default&#8221; global_colors_info=&#8221;{}&#8221;][et_pb_row column_structure=&#8221;1_2,1_2&#8243; disabled_on=&#8221;on|off|off&#8221; admin_label=&#8221;Ona&#8221; module_id=&#8221;Ona&#8221; _builder_version=&#8221;4.11.1&#8243; _module_preset=&#8221;default&#8221; global_colors_info=&#8221;{}&#8221;][et_pb_column type=&#8221;1_2&#8243; _builder_version=&#8221;4.11.1&#8243; _module_preset=&#8221;default&#8221; global_colors_info=&#8221;{}&#8221;][et_pb_text _builder_version=&#8221;4.11.2&#8243; _module_preset=&#8221;default&#8221; text_font_size=&#8221;16px&#8221; header_3_font=&#8221;|800|||||||&#8221; header_3_text_color=&#8221;#a3195c&#8221; header_3_font_size=&#8221;40px&#8221; custom_margin=&#8221;90px||||false|false&#8221; hover_enabled=&#8221;0&#8243; header_3_font_size_tablet=&#8221;&#8221; header_3_font_size_phone=&#8221;35px&#8221; header_3_font_size_last_edited=&#8221;on|phone&#8221; global_colors_info=&#8221;{}&#8221; sticky_enabled=&#8221;0&#8243;]<\/p>\n<h3 style=\"text-align: center;\">ONA CARBONELL<\/h3>\n<p>Hiszpa\u0144ska p\u0142ywaczka i kapitan dru\u017cyny p\u0142ywania synchronicznego, 3-krotna mistrzyni \u015bwiata junior\u00f3w, 4-krotna mistrzyni \u015bwiata, 2-krotna mistrzyni zawod\u00f3w przedolimpijskich oraz olimpiady w Londynie w 2012 r., gdzie wywalczy\u0142a srebrny medal w kategorii duet\u00f3w oraz br\u0105zowy medal w kategorii dru\u017cynowej.<\/p>\n<p>To prawdziwy przyk\u0142ad kariery pe\u0142nej sukces\u00f3w oraz ducha olimpijskiego.<\/p>\n<p>[\/et_pb_text][\/et_pb_column][et_pb_column type=&#8221;1_2&#8243; _builder_version=&#8221;4.11.1&#8243; _module_preset=&#8221;default&#8221; global_colors_info=&#8221;{}&#8221;][et_pb_image src=&#8221;https:\/\/longlifechallenge.eu\/wp-content\/uploads\/2021\/10\/ona_carbonell_pl.jpg&#8221; title_text=&#8221;ona_carbonell_pl&#8221; _builder_version=&#8221;4.11.2&#8243; _module_preset=&#8221;default&#8221; hover_enabled=&#8221;0&#8243; global_colors_info=&#8221;{}&#8221; sticky_enabled=&#8221;0&#8243;][\/et_pb_image][\/et_pb_column][\/et_pb_row][\/et_pb_section][et_pb_section fb_built=&#8221;1&#8243; _builder_version=&#8221;4.11.2&#8243; _module_preset=&#8221;default&#8221; global_colors_info=&#8221;{}&#8221;][et_pb_row column_structure=&#8221;1_2,1_2&#8243; _builder_version=&#8221;4.11.2&#8243; _module_preset=&#8221;default&#8221; global_colors_info=&#8221;{}&#8221;][et_pb_column type=&#8221;1_2&#8243; _builder_version=&#8221;4.11.2&#8243; _module_preset=&#8221;default&#8221; global_colors_info=&#8221;{}&#8221;][et_pb_image src=&#8221;https:\/\/longlifechallenge.eu\/wp-content\/uploads\/2023\/07\/ona_carbonell_01.jpg&#8221; title_text=&#8221;ona_carbonell_01&#8243; url=&#8221;https:\/\/www.instagram.com\/p\/CtMvJScLlyd\/&#8221; _builder_version=&#8221;4.11.2&#8243; _module_preset=&#8221;default&#8221; global_colors_info=&#8221;{}&#8221;][\/et_pb_image][\/et_pb_column][et_pb_column type=&#8221;1_2&#8243; _builder_version=&#8221;4.11.2&#8243; _module_preset=&#8221;default&#8221; global_colors_info=&#8221;{}&#8221;][et_pb_image src=&#8221;https:\/\/longlifechallenge.eu\/wp-content\/uploads\/2023\/07\/ona_carbonell_02.jpg&#8221; title_text=&#8221;ona_carbonell_02&#8243; url=&#8221;https:\/\/www.instagram.com\/p\/Cqqh4nWtccn\/?img_index=5&#8243; _builder_version=&#8221;4.11.2&#8243; _module_preset=&#8221;default&#8221; global_colors_info=&#8221;{}&#8221;][\/et_pb_image][\/et_pb_column][\/et_pb_row][\/et_pb_section]<\/p>\n","protected":false},"excerpt":{"rendered":"<p>ONA CARBONELL Hiszpa\u0144ska p\u0142ywaczka i kapitan dru\u017cyny p\u0142ywania synchronicznego, 3-krotna mistrzyni \u015bwiata junior\u00f3w, 4-krotna mistrzyni \u015bwiata, 2-krotna mistrzyni zawod\u00f3w przedolimpijskich oraz olimpiady w Londynie w 2012 r., gdzie wywalczy\u0142a srebrny medal w kategorii duet\u00f3w oraz br\u0105zowy medal w kategorii dru\u017cynowej. To prawdziwy przyk\u0142ad kariery pe\u0142nej sukces\u00f3w oraz ducha olimpijskiego.<\/p>\n","protected":false},"author":1,"featured_media":0,"parent":961,"menu_order":0,"comment_status":"closed","ping_status":"closed","template":"","meta":{"_et_pb_use_builder":"on","_et_pb_old_content":"","_et_gb_content_width":"","footnotes":""},"_links":{"self":[{"href":"https:\/\/longlifechallenge.eu\/pl\/wp-json\/wp\/v2\/pages\/4017"}],"collection":[{"href":"https:\/\/longlifechallenge.eu\/pl\/wp-json\/wp\/v2\/pages"}],"about":[{"href":"https:\/\/longlifechallenge.eu\/pl\/wp-json\/wp\/v2\/types\/page"}],"author":[{"embeddable":true,"href":"https:\/\/longlifechallenge.eu\/pl\/wp-json\/wp\/v2\/users\/1"}],"replies":[{"embeddable":true,"href":"https:\/\/longlifechallenge.eu\/pl\/wp-json\/wp\/v2\/comments?post=4017"}],"version-history":[{"count":1,"href":"https:\/\/longlifechallenge.eu\/pl\/wp-json\/wp\/v2\/pages\/4017\/revisions"}],"predecessor-version":[{"id":4047,"href":"https:\/\/longlifechallenge.eu\/pl\/wp-json\/wp\/v2\/pages\/4017\/revisions\/4047"}],"up":[{"embeddable":true,"href":"https:\/\/longlifechallenge.eu\/pl\/wp-json\/wp\/v2\/pages\/961"}],"wp:attachment":[{"href":"https:\/\/longlifechallenge.eu\/pl\/wp-json\/wp\/v2\/media?parent=4017"}],"curies":[{"name":"wp","href":"https:\/\/api.w.org\/{rel}","templated":true}]}}

<p>[et_pb_section fb_built=&#8221;1&#8243; _builder_version=&#8221;4.11.1&#8243; _module_preset=&#8221;default&#8221; global_colors_info=&#8221;{}&#8221;][et_pb_row column_structure=&#8221;1_2,1_2&#8243; disabled_on=&#8221;on|off|off&#8221; admin_label=&#8221;Ona&#8221; module_id=&#8221;Ona&#8221; _builder_version=&#8221;4.11.1&#8243; _module_preset=&#8221;default&#8221; global_colors_info=&#8221;{}&#8221;][et_pb_column type=&#8221;1_2&#8243; _builder_version=&#8221;4.11.1&#8243; _module_preset=&#8221;default&#8221; global_colors_info=&#8221;{}&#8221;][et_pb_text _builder_version=&#8221;4.11.2&#8243; _module_preset=&#8221;default&#8221; text_font_size=&#8221;16px&#8221; header_3_font=&#8221;|800|||||||&#8221; header_3_text_color=&#8221;#a3195c&#8221; header_3_font_size=&#8221;40px&#8221; custom_margin=&#8221;90px||||false|false&#8221; hover_enabled=&#8221;0&#8243; header_3_font_size_tablet=&#8221;&#8221; header_3_font_size_phone=&#8221;35px&#8221; header_3_font_size_last_edited=&#8221;on|phone&#8221; global_colors_info=&#8221;{}&#8221; sticky_enabled=&#8221;0&#8243;]</p>
<h3 style="text-align: center;">ONA CARBONELL</h3>
<p>Hiszpańska pływaczka i kapitan drużyny pływania synchronicznego, 3-krotna mistrzyni świata juniorów, 4-krotna mistrzyni świata, 2-krotna mistrzyni zawodów przedolimpijskich oraz olimpiady w Londynie w 2012 r., gdzie wywalczyła srebrny medal w kategorii duetów oraz brązowy medal w kategorii drużynowej.</p>
<p>To prawdziwy przykład kariery pełnej sukcesów oraz ducha olimpijskiego.</p>
<p>[/et_pb_text][/et_pb_column][et_pb_column type=&#8221;1_2&#8243; _builder_version=&#8221;4.11.1&#8243; _module_preset=&#8221;default&#8221; global_colors_info=&#8221;{}&#8221;][et_pb_image src=&#8221;https://longlifechallenge.eu/wp-content/uploads/2021/10/ona_carbonell_pl.jpg&#8221; title_text=&#8221;ona_carbonell_pl&#8221; _builder_version=&#8221;4.11.2&#8243; _module_preset=&#8221;default&#8221; hover_enabled=&#8221;0&#8243; global_colors_info=&#8221;{}&#8221; sticky_enabled=&#8221;0&#8243;][/et_pb_image][/et_pb_column][/et_pb_row][/et_pb_section][et_pb_section fb_built=&#8221;1&#8243; _builder_version=&#8221;4.11.2&#8243; _module_preset=&#8221;default&#8221; global_colors_info=&#8221;{}&#8221;][et_pb_row column_structure=&#8221;1_2,1_2&#8243; _builder_version=&#8221;4.11.2&#8243; _module_preset=&#8221;default&#8221; global_colors_info=&#8221;{}&#8221;][et_pb_column type=&#8221;1_2&#8243; _builder_version=&#8221;4.11.2&#8243; _module_preset=&#8221;default&#8221; global_colors_info=&#8221;{}&#8221;][et_pb_image src=&#8221;https://longlifechallenge.eu/wp-content/uploads/2023/07/ona_carbonell_01.jpg&#8221; title_text=&#8221;ona_carbonell_01&#8243; url=&#8221;https://www.instagram.com/p/CtMvJScLlyd/&#8221; _builder_version=&#8221;4.11.2&#8243; _module_preset=&#8221;default&#8221; global_colors_info=&#8221;{}&#8221;][/et_pb_image][/et_pb_column][et_pb_column type=&#8221;1_2&#8243; _builder_version=&#8221;4.11.2&#8243; _module_preset=&#8221;default&#8221; global_colors_info=&#8221;{}&#8221;][et_pb_image src=&#8221;https://longlifechallenge.eu/wp-content/uploads/2023/07/ona_carbonell_02.jpg&#8221; title_text=&#8221;ona_carbonell_02&#8243; url=&#8221;https://www.instagram.com/p/Cqqh4nWtccn/?img_index=5&#8243; _builder_version=&#8221;4.11.2&#8243; _module_preset=&#8221;default&#8221; global_colors_info=&#8221;{}&#8221;][/et_pb_image][/et_pb_column][/et_pb_row][/et_pb_section]</p>

<p>ONA CARBONELL Hiszpańska pływaczka i kapitan drużyny pływania synchronicznego, 3-krotna mistrzyni świata juniorów, 4-krotna mistrzyni świata, 2-krotna mistrzyni zawodów przedolimpijskich oraz olimpiady w Londynie w 2012 r., gdzie wywalczyła srebrny medal w kategorii duetów oraz brązowy medal w kategorii drużynowej. To prawdziwy przykład kariery pełnej sukcesów oraz ducha olimpijskiego.</p>
