{"id":4014,"date":"2023-07-03T07:16:11","date_gmt":"2023-07-03T07:16:11","guid":{"rendered":"https:\/\/longlifechallenge.eu\/nasi-sportowcy\/maja-wloszczowska\/"},"modified":"2023-07-03T07:40:07","modified_gmt":"2023-07-03T07:40:07","slug":"maja-wloszczowska","status":"publish","type":"page","link":"https:\/\/longlifechallenge.eu\/pl\/nasi-sportowcy\/maja-wloszczowska\/","title":{"rendered":"Maja Wloszczowska"},"content":{"rendered":"<p>[et_pb_section fb_built=&#8221;1&#8243; _builder_version=&#8221;4.11.1&#8243; _module_preset=&#8221;default&#8221; global_colors_info=&#8221;{}&#8221;][et_pb_row column_structure=&#8221;1_2,1_2&#8243; disabled_on=&#8221;on|off|off&#8221; admin_label=&#8221;Maja&#8221; module_id=&#8221;Maja&#8221; _builder_version=&#8221;4.11.1&#8243; _module_preset=&#8221;default&#8221; global_colors_info=&#8221;{}&#8221;][et_pb_column type=&#8221;1_2&#8243; _builder_version=&#8221;4.11.1&#8243; _module_preset=&#8221;default&#8221; global_colors_info=&#8221;{}&#8221;][et_pb_text _builder_version=&#8221;4.11.2&#8243; _module_preset=&#8221;default&#8221; text_font_size=&#8221;16px&#8221; header_3_font=&#8221;|800|||||||&#8221; header_3_text_color=&#8221;#a3195c&#8221; header_3_font_size=&#8221;40px&#8221; custom_margin=&#8221;130px||||false|false&#8221; hover_enabled=&#8221;0&#8243; header_3_font_size_tablet=&#8221;&#8221; header_3_font_size_phone=&#8221;35px&#8221; header_3_font_size_last_edited=&#8221;on|phone&#8221; global_colors_info=&#8221;{}&#8221; sticky_enabled=&#8221;0&#8243;]<\/p>\n<h3 style=\"text-align: center;\">MAJA WLOSZCZOWSKA<\/h3>\n<p><span>Kariera polskiej kolarki g\u00f3rskiej, Mai W\u0142oszczowskiej, mo\u017ce robi\u0107 wra\u017cenie: dwa srebrne medale olimpijskie \u2013 jeden zdobyty podczas igrzysk olimpijskich w Pekinie w 2008 r., a drugi podczas igrzysk olimpijskich w Rio w 2016 r. \u2013 br\u0105zowy medal igrzysk europejskich w Baku w 2015 r., 8 medali mistrzostw \u015bwiata oraz 7 medali mistrzostw Europy.<\/span><\/p>\n<p>[\/et_pb_text][\/et_pb_column][et_pb_column type=&#8221;1_2&#8243; _builder_version=&#8221;4.11.1&#8243; _module_preset=&#8221;default&#8221; global_colors_info=&#8221;{}&#8221;][et_pb_image src=&#8221;https:\/\/longlifechallenge.eu\/wp-content\/uploads\/2021\/10\/maja_wloszczowska_pl.jpg&#8221; title_text=&#8221;maja_wloszczowska_pl&#8221; _builder_version=&#8221;4.11.2&#8243; _module_preset=&#8221;default&#8221; hover_enabled=&#8221;0&#8243; global_colors_info=&#8221;{}&#8221; sticky_enabled=&#8221;0&#8243;][\/et_pb_image][\/et_pb_column][\/et_pb_row][\/et_pb_section]<\/p>\n","protected":false},"excerpt":{"rendered":"<p>MAJA WLOSZCZOWSKA Kariera polskiej kolarki g\u00f3rskiej, Mai W\u0142oszczowskiej, mo\u017ce robi\u0107 wra\u017cenie: dwa srebrne medale olimpijskie \u2013 jeden zdobyty podczas igrzysk olimpijskich w Pekinie w 2008 r., a drugi podczas igrzysk olimpijskich w Rio w 2016 r. \u2013 br\u0105zowy medal igrzysk europejskich w Baku w 2015 r., 8 medali mistrzostw \u015bwiata oraz 7 medali mistrzostw Europy.<\/p>\n","protected":false},"author":1,"featured_media":0,"parent":961,"menu_order":0,"comment_status":"closed","ping_status":"closed","template":"","meta":{"_et_pb_use_builder":"on","_et_pb_old_content":"","_et_gb_content_width":"","footnotes":""},"_links":{"self":[{"href":"https:\/\/longlifechallenge.eu\/pl\/wp-json\/wp\/v2\/pages\/4014"}],"collection":[{"href":"https:\/\/longlifechallenge.eu\/pl\/wp-json\/wp\/v2\/pages"}],"about":[{"href":"https:\/\/longlifechallenge.eu\/pl\/wp-json\/wp\/v2\/types\/page"}],"author":[{"embeddable":true,"href":"https:\/\/longlifechallenge.eu\/pl\/wp-json\/wp\/v2\/users\/1"}],"replies":[{"embeddable":true,"href":"https:\/\/longlifechallenge.eu\/pl\/wp-json\/wp\/v2\/comments?post=4014"}],"version-history":[{"count":1,"href":"https:\/\/longlifechallenge.eu\/pl\/wp-json\/wp\/v2\/pages\/4014\/revisions"}],"predecessor-version":[{"id":4046,"href":"https:\/\/longlifechallenge.eu\/pl\/wp-json\/wp\/v2\/pages\/4014\/revisions\/4046"}],"up":[{"embeddable":true,"href":"https:\/\/longlifechallenge.eu\/pl\/wp-json\/wp\/v2\/pages\/961"}],"wp:attachment":[{"href":"https:\/\/longlifechallenge.eu\/pl\/wp-json\/wp\/v2\/media?parent=4014"}],"curies":[{"name":"wp","href":"https:\/\/api.w.org\/{rel}","templated":true}]}}

<p>[et_pb_section fb_built=&#8221;1&#8243; _builder_version=&#8221;4.11.1&#8243; _module_preset=&#8221;default&#8221; global_colors_info=&#8221;{}&#8221;][et_pb_row column_structure=&#8221;1_2,1_2&#8243; disabled_on=&#8221;on|off|off&#8221; admin_label=&#8221;Maja&#8221; module_id=&#8221;Maja&#8221; _builder_version=&#8221;4.11.1&#8243; _module_preset=&#8221;default&#8221; global_colors_info=&#8221;{}&#8221;][et_pb_column type=&#8221;1_2&#8243; _builder_version=&#8221;4.11.1&#8243; _module_preset=&#8221;default&#8221; global_colors_info=&#8221;{}&#8221;][et_pb_text _builder_version=&#8221;4.11.2&#8243; _module_preset=&#8221;default&#8221; text_font_size=&#8221;16px&#8221; header_3_font=&#8221;|800|||||||&#8221; header_3_text_color=&#8221;#a3195c&#8221; header_3_font_size=&#8221;40px&#8221; custom_margin=&#8221;130px||||false|false&#8221; hover_enabled=&#8221;0&#8243; header_3_font_size_tablet=&#8221;&#8221; header_3_font_size_phone=&#8221;35px&#8221; header_3_font_size_last_edited=&#8221;on|phone&#8221; global_colors_info=&#8221;{}&#8221; sticky_enabled=&#8221;0&#8243;]</p>
<h3 style="text-align: center;">MAJA WLOSZCZOWSKA</h3>
<p><span>Kariera polskiej kolarki górskiej, Mai Włoszczowskiej, może robić wrażenie: dwa srebrne medale olimpijskie – jeden zdobyty podczas igrzysk olimpijskich w Pekinie w 2008 r., a drugi podczas igrzysk olimpijskich w Rio w 2016 r. – brązowy medal igrzysk europejskich w Baku w 2015 r., 8 medali mistrzostw świata oraz 7 medali mistrzostw Europy.</span></p>
<p>[/et_pb_text][/et_pb_column][et_pb_column type=&#8221;1_2&#8243; _builder_version=&#8221;4.11.1&#8243; _module_preset=&#8221;default&#8221; global_colors_info=&#8221;{}&#8221;][et_pb_image src=&#8221;https://longlifechallenge.eu/wp-content/uploads/2021/10/maja_wloszczowska_pl.jpg&#8221; title_text=&#8221;maja_wloszczowska_pl&#8221; _builder_version=&#8221;4.11.2&#8243; _module_preset=&#8221;default&#8221; hover_enabled=&#8221;0&#8243; global_colors_info=&#8221;{}&#8221; sticky_enabled=&#8221;0&#8243;][/et_pb_image][/et_pb_column][/et_pb_row][/et_pb_section]</p>

<p>MAJA WLOSZCZOWSKA Kariera polskiej kolarki górskiej, Mai Włoszczowskiej, może robić wrażenie: dwa srebrne medale olimpijskie – jeden zdobyty podczas igrzysk olimpijskich w Pekinie w 2008 r., a drugi podczas igrzysk olimpijskich w Rio w 2016 r. – brązowy medal igrzysk europejskich w Baku w 2015 r., 8 medali mistrzostw świata oraz 7 medali mistrzostw Europy.</p>
