{"id":4012,"date":"2023-07-03T07:15:38","date_gmt":"2023-07-03T07:15:38","guid":{"rendered":"https:\/\/longlifechallenge.eu\/nos-athletes\/maja-wloszczowska\/"},"modified":"2023-07-03T07:27:55","modified_gmt":"2023-07-03T07:27:55","slug":"maja-wloszczowska","status":"publish","type":"page","link":"https:\/\/longlifechallenge.eu\/fr\/nos-athletes\/maja-wloszczowska\/","title":{"rendered":"Maja Wloszczowska"},"content":{"rendered":"<p>[et_pb_section fb_built=\u00a0\u00bb1&Prime; _builder_version=\u00a0\u00bb4.11.1&Prime; _module_preset=\u00a0\u00bbdefault\u00a0\u00bb global_colors_info=\u00a0\u00bb{}\u00a0\u00bb][et_pb_row column_structure=\u00a0\u00bb1_2,1_2&Prime; disabled_on=\u00a0\u00bbon|off|off\u00a0\u00bb admin_label=\u00a0\u00bbMaja\u00a0\u00bb module_id=\u00a0\u00bbMaja\u00a0\u00bb _builder_version=\u00a0\u00bb4.11.1&Prime; _module_preset=\u00a0\u00bbdefault\u00a0\u00bb global_colors_info=\u00a0\u00bb{}\u00a0\u00bb][et_pb_column type=\u00a0\u00bb1_2&Prime; _builder_version=\u00a0\u00bb4.11.1&Prime; _module_preset=\u00a0\u00bbdefault\u00a0\u00bb global_colors_info=\u00a0\u00bb{}\u00a0\u00bb][et_pb_text _builder_version=\u00a0\u00bb4.11.2&Prime; _module_preset=\u00a0\u00bbdefault\u00a0\u00bb text_font_size=\u00a0\u00bb16px\u00a0\u00bb header_3_font=\u00a0\u00bb|800|||||||\u00a0\u00bb header_3_text_color=\u00a0\u00bb#a3195c\u00a0\u00bb header_3_font_size=\u00a0\u00bb40px\u00a0\u00bb custom_margin=\u00a0\u00bb130px||||false|false\u00a0\u00bb hover_enabled=\u00a0\u00bb0&Prime; header_3_font_size_tablet=\u00a0\u00bb\u00a0\u00bb header_3_font_size_phone=\u00a0\u00bb35px\u00a0\u00bb header_3_font_size_last_edited=\u00a0\u00bbon|phone\u00a0\u00bb global_colors_info=\u00a0\u00bb{}\u00a0\u00bb sticky_enabled=\u00a0\u00bb0&Prime;]<\/p>\n<h3 style=\"text-align: center;\">MAJA WLOSZCZOWSKA<\/h3>\n<p><span>La carri\u00e8re de la cycliste polonaise Maja Wloszczowska avance \u00e0 grands pas, comme en t\u00e9moignent ses deux m\u00e9dailles d\u2019argent aux Jeux olympiques de P\u00e9kin 2008 et de Rio 2016, sa m\u00e9daille de bronze aux Jeux europ\u00e9ens de Bakou 2015, ses huit m\u00e9dailles aux Championnats du monde de VTT et ses sept m\u00e9dailles aux Championnats d\u2019Europe.<\/span><\/p>\n<p>[\/et_pb_text][\/et_pb_column][et_pb_column type=\u00a0\u00bb1_2&Prime; _builder_version=\u00a0\u00bb4.11.1&Prime; _module_preset=\u00a0\u00bbdefault\u00a0\u00bb global_colors_info=\u00a0\u00bb{}\u00a0\u00bb][et_pb_image src=\u00a0\u00bbhttps:\/\/longlifechallenge.eu\/wp-content\/uploads\/2021\/10\/maja_wloszczowska_fr.jpg\u00a0\u00bb title_text=\u00a0\u00bbmaja_wloszczowska_fr\u00a0\u00bb _builder_version=\u00a0\u00bb4.11.2&Prime; _module_preset=\u00a0\u00bbdefault\u00a0\u00bb hover_enabled=\u00a0\u00bb0&Prime; global_colors_info=\u00a0\u00bb{}\u00a0\u00bb sticky_enabled=\u00a0\u00bb0&Prime;][\/et_pb_image][\/et_pb_column][\/et_pb_row][\/et_pb_section]<\/p>\n","protected":false},"excerpt":{"rendered":"<p>MAJA WLOSZCZOWSKA La carri\u00e8re de la cycliste polonaise Maja Wloszczowska avance \u00e0 grands pas, comme en t\u00e9moignent ses deux m\u00e9dailles d\u2019argent aux Jeux olympiques de P\u00e9kin 2008 et de Rio 2016, sa m\u00e9daille de bronze aux Jeux europ\u00e9ens de Bakou 2015, ses huit m\u00e9dailles aux Championnats du monde de VTT et ses sept m\u00e9dailles aux [&hellip;]<\/p>\n","protected":false},"author":1,"featured_media":0,"parent":840,"menu_order":0,"comment_status":"closed","ping_status":"closed","template":"","meta":{"_et_pb_use_builder":"on","_et_pb_old_content":"","_et_gb_content_width":"","footnotes":""},"_links":{"self":[{"href":"https:\/\/longlifechallenge.eu\/fr\/wp-json\/wp\/v2\/pages\/4012"}],"collection":[{"href":"https:\/\/longlifechallenge.eu\/fr\/wp-json\/wp\/v2\/pages"}],"about":[{"href":"https:\/\/longlifechallenge.eu\/fr\/wp-json\/wp\/v2\/types\/page"}],"author":[{"embeddable":true,"href":"https:\/\/longlifechallenge.eu\/fr\/wp-json\/wp\/v2\/users\/1"}],"replies":[{"embeddable":true,"href":"https:\/\/longlifechallenge.eu\/fr\/wp-json\/wp\/v2\/comments?post=4012"}],"version-history":[{"count":1,"href":"https:\/\/longlifechallenge.eu\/fr\/wp-json\/wp\/v2\/pages\/4012\/revisions"}],"predecessor-version":[{"id":4031,"href":"https:\/\/longlifechallenge.eu\/fr\/wp-json\/wp\/v2\/pages\/4012\/revisions\/4031"}],"up":[{"embeddable":true,"href":"https:\/\/longlifechallenge.eu\/fr\/wp-json\/wp\/v2\/pages\/840"}],"wp:attachment":[{"href":"https:\/\/longlifechallenge.eu\/fr\/wp-json\/wp\/v2\/media?parent=4012"}],"curies":[{"name":"wp","href":"https:\/\/api.w.org\/{rel}","templated":true}]}}

<p>[et_pb_section fb_built= »1&Prime; _builder_version= »4.11.1&Prime; _module_preset= »default » global_colors_info= »{} »][et_pb_row column_structure= »1_2,1_2&Prime; disabled_on= »on|off|off » admin_label= »Maja » module_id= »Maja » _builder_version= »4.11.1&Prime; _module_preset= »default » global_colors_info= »{} »][et_pb_column type= »1_2&Prime; _builder_version= »4.11.1&Prime; _module_preset= »default » global_colors_info= »{} »][et_pb_text _builder_version= »4.11.2&Prime; _module_preset= »default » text_font_size= »16px » header_3_font= »|800||||||| » header_3_text_color= »#a3195c » header_3_font_size= »40px » custom_margin= »130px||||false|false » hover_enabled= »0&Prime; header_3_font_size_tablet= » » header_3_font_size_phone= »35px » header_3_font_size_last_edited= »on|phone » global_colors_info= »{} » sticky_enabled= »0&Prime;]</p>
<h3 style="text-align: center;">MAJA WLOSZCZOWSKA</h3>
<p><span>La carrière de la cycliste polonaise Maja Wloszczowska avance à grands pas, comme en témoignent ses deux médailles d’argent aux Jeux olympiques de Pékin 2008 et de Rio 2016, sa médaille de bronze aux Jeux européens de Bakou 2015, ses huit médailles aux Championnats du monde de VTT et ses sept médailles aux Championnats d’Europe.</span></p>
<p>[/et_pb_text][/et_pb_column][et_pb_column type= »1_2&Prime; _builder_version= »4.11.1&Prime; _module_preset= »default » global_colors_info= »{} »][et_pb_image src= »https://longlifechallenge.eu/wp-content/uploads/2021/10/maja_wloszczowska_fr.jpg » title_text= »maja_wloszczowska_fr » _builder_version= »4.11.2&Prime; _module_preset= »default » hover_enabled= »0&Prime; global_colors_info= »{} » sticky_enabled= »0&Prime;][/et_pb_image][/et_pb_column][/et_pb_row][/et_pb_section]</p>

<p>MAJA WLOSZCZOWSKA La carrière de la cycliste polonaise Maja Wloszczowska avance à grands pas, comme en témoignent ses deux médailles d’argent aux Jeux olympiques de Pékin 2008 et de Rio 2016, sa médaille de bronze aux Jeux européens de Bakou 2015, ses huit médailles aux Championnats du monde de VTT et ses sept médailles aux [&hellip;]</p>
