{"id":870,"date":"2021-10-11T17:24:09","date_gmt":"2021-10-11T17:24:09","guid":{"rendered":"https:\/\/tacticseurope.com\/demos\/5aldia\/presse-und-medien\/"},"modified":"2023-12-22T10:41:06","modified_gmt":"2023-12-22T10:41:06","slug":"presse-und-medien","status":"publish","type":"page","link":"https:\/\/longlifechallenge.eu\/de\/presse-und-medien\/","title":{"rendered":"Presse und medien"},"content":{"rendered":"<p>[et_pb_section fb_built=&#8220;1&#8243; fullwidth=&#8220;on&#8220; _builder_version=&#8220;4.11.2&#8243; _module_preset=&#8220;default&#8220; global_colors_info=&#8220;{}&#8220;][et_pb_fullwidth_code _builder_version=&#8220;4.11.2&#8243; _module_preset=&#8220;default&#8220; global_colors_info=&#8220;{}&#8220;]<a class=\"vp-a vp-dr\" href=\"https:\/\/youtu.be\/EgfhoYhmSXI\" rel=\"nofollow\" data-width=\"1920\" data-height=\"1080\" data-dwrap=\"1\" data-controls=\"1\" data-iv=\"1\"><img decoding=\"async\" class=\"vp-img\" src=\"https:\/\/longlifechallenge.eu\/wp-content\/uploads\/2023\/12\/cover_video_case_ge.jpg\"><\/a>[\/et_pb_fullwidth_code][\/et_pb_section][et_pb_section fb_built=&#8220;1&#8243; _builder_version=&#8220;4.11.1&#8243; _module_preset=&#8220;default&#8220; global_colors_info=&#8220;{}&#8220;][et_pb_row column_structure=&#8220;1_2,1_2&#8243; _builder_version=&#8220;4.11.1&#8243; _module_preset=&#8220;default&#8220; global_colors_info=&#8220;{}&#8220;][et_pb_column type=&#8220;1_2&#8243; _builder_version=&#8220;4.11.1&#8243; _module_preset=&#8220;default&#8220; global_colors_info=&#8220;{}&#8220;][et_pb_image src=&#8220;https:\/\/longlifechallenge.eu\/wp-content\/uploads\/2021\/10\/news_healthy.jpg&#8220; title_text=&#8220;news_healthy&#8220; _builder_version=&#8220;4.11.2&#8243; _module_preset=&#8220;default&#8220; global_colors_info=&#8220;{}&#8220;][\/et_pb_image][et_pb_image src=&#8220;https:\/\/longlifechallenge.eu\/wp-content\/uploads\/2023\/12\/dossier-DE.jpg&#8220; title_text=&#8220;dossier DE&#8220; url=&#8220;https:\/\/longlifechallenge.eu\/wp-content\/uploads\/2023\/12\/dossier-DE-Y3.pdf&#8220; align=&#8220;center&#8220; _builder_version=&#8220;4.11.2&#8243; _module_preset=&#8220;default&#8220; hover_enabled=&#8220;0&#8243; global_colors_info=&#8220;{}&#8220; sticky_enabled=&#8220;0&#8243;][\/et_pb_image][et_pb_text _builder_version=&#8220;4.11.2&#8243; _module_preset=&#8220;default&#8220; global_colors_info=&#8220;{}&#8220;]<\/p>\n<p style=\"text-align: center;\"><strong><a href=\"https:\/\/longlifechallenge.eu\/wp-content\/uploads\/2023\/12\/dossier-DE-Y3.pdf\">Pressemappe<\/a><\/strong><\/p>\n<p>[\/et_pb_text][\/et_pb_column][et_pb_column type=&#8220;1_2&#8243; _builder_version=&#8220;4.11.1&#8243; _module_preset=&#8220;default&#8220; global_colors_info=&#8220;{}&#8220;][et_pb_text _builder_version=&#8220;4.11.2&#8243; _module_preset=&#8220;default&#8220; text_font_size=&#8220;16px&#8220; header_font=&#8220;|800|||||||&#8220; header_text_color=&#8220;#a3195c&#8220; header_font_size=&#8220;40px&#8220; header_font_size_tablet=&#8220;&#8220; header_font_size_phone=&#8220;26px&#8220; header_font_size_last_edited=&#8220;on|phone&#8220; global_colors_info=&#8220;{}&#8220;]<\/p>\n<h1 style=\"text-align: center;\">DIE #LONGLIFECHALLENGE IN DEN MEDIEN<\/h1>\n<p>Verpassen Sie nicht die neuesten Nachrichten \u00fcber unser Obst und Gem\u00fcse und den europ\u00e4ischen Agrarsektor.<\/p>\n<p>Hier finden Sie die neuesten Nachrichten, die immer auf den neuesten Stand gebracht werden, sowie verschiedene aktuelle Materialien.<\/p>\n<p>[\/et_pb_text][et_pb_text _builder_version=&#8220;4.11.2&#8243; _module_preset=&#8220;default&#8220; text_font_size=&#8220;16px&#8220; header_font=&#8220;|800|||||||&#8220; header_text_color=&#8220;#a3195c&#8220; header_font_size=&#8220;40px&#8220; custom_margin=&#8220;73px||||false|false&#8220; header_font_size_tablet=&#8220;&#8220; header_font_size_phone=&#8220;26px&#8220; header_font_size_last_edited=&#8220;on|phone&#8220; global_colors_info=&#8220;{}&#8220;]<\/p>\n<h1 style=\"text-align: center;\">PRESSEMELDUNGEN<\/h1>\n<p>&nbsp;<\/p>\n<ul>\n<li><a href=\"https:\/\/longlifechallenge.eu\/wp-content\/uploads\/2023\/11\/10-10-23-NdP-6-FV-Autumn-DE.pdf\" target=\"_blank\" rel=\"noopener\"><strong>Obst- und Gemu\u0308sesorten, die zum Herbstanfang in keiner Ku\u0308che fehlen du\u0308rfen (10 Oktober 2023)<\/strong><\/a><\/li>\n<\/ul>\n<ul>\n<li><a href=\"https:\/\/longlifechallenge.eu\/wp-content\/uploads\/2023\/11\/14-04-23-NdP2-Rising-Prices-Y3-DE.pdf\" target=\"_blank\" rel=\"noopener\"><strong>Obst und Gemu\u0308se du\u0308rfen auf der Einkaufsliste nicht fehlen (14 April 2023)<\/strong><\/a><\/li>\n<\/ul>\n<ul>\n<li><strong><a href=\"https:\/\/longlifechallenge.eu\/wp-content\/uploads\/2022\/12\/NdP-Citricos_Alemania-24.10.22.pdf\">Die Zitrussaison hat begonnen. Der beste Weg, um den K\u00f6rper auf die kalten Tage vorzubereiten. (22 Oktober 2022)<\/a><\/strong><\/li>\n<\/ul>\n<p><strong><\/strong><\/p>\n<ul>\n<li><strong><a href=\"https:\/\/longlifechallenge.eu\/wp-content\/uploads\/2022\/12\/V3_NdP-Relanzamiento-CuTe-Healthy_DE_TACT156.pdf\">Millionen von Europ\u00e4ern kennen bereits die #longlifechallenge, und Tausende haben sich bereits der ges\u00fcnderen Herausforderung angeschlossen: mehr k\u00f6rperliche Aktivit\u00e4t und f\u00fcnf St\u00fcck Obst und Gem\u00fcse pro Tag (21. Februar 2021)<\/a><\/strong><\/li>\n<\/ul>\n<p>[\/et_pb_text][\/et_pb_column][\/et_pb_row][et_pb_row _builder_version=&#8220;4.11.1&#8243; _module_preset=&#8220;default&#8220; global_colors_info=&#8220;{}&#8220;][et_pb_column type=&#8220;4_4&#8243; _builder_version=&#8220;4.11.1&#8243; _module_preset=&#8220;default&#8220; global_colors_info=&#8220;{}&#8220;][et_pb_divider divider_weight=&#8220;2px&#8220; _builder_version=&#8220;4.11.1&#8243; _module_preset=&#8220;default&#8220; global_colors_info=&#8220;{}&#8220;][\/et_pb_divider][\/et_pb_column][\/et_pb_row][\/et_pb_section]<\/p>\n","protected":false},"excerpt":{"rendered":"<p><a class=\"vp-a vp-dr\" href=\"https:\/\/youtu.be\/EgfhoYhmSXI\" rel=\"nofollow\" data-width=\"1920\" data-height=\"1080\" data-dwrap=\"1\" data-controls=\"1\" data-iv=\"1\"><img decoding=\"async\" class=\"vp-img\" src=\"https:\/\/longlifechallenge.eu\/wp-content\/uploads\/2023\/12\/cover_video_case_ge.jpg\"><\/a>PressemappeDIE #LONGLIFECHALLENGE IN DEN MEDIEN Verpassen Sie nicht die neuesten Nachrichten \u00fcber unser Obst und Gem\u00fcse und den europ\u00e4ischen Agrarsektor. Hier finden Sie die neuesten Nachrichten, die immer auf den neuesten Stand gebracht werden, sowie verschiedene aktuelle Materialien.PRESSEMELDUNGEN &nbsp; Obst- und Gemu\u0308sesorten, die zum Herbstanfang in [&hellip;]<\/p>\n","protected":false},"author":1,"featured_media":0,"parent":0,"menu_order":0,"comment_status":"closed","ping_status":"closed","template":"","meta":{"_et_pb_use_builder":"on","_et_pb_old_content":"","_et_gb_content_width":"","footnotes":""},"_links":{"self":[{"href":"https:\/\/longlifechallenge.eu\/de\/wp-json\/wp\/v2\/pages\/870"}],"collection":[{"href":"https:\/\/longlifechallenge.eu\/de\/wp-json\/wp\/v2\/pages"}],"about":[{"href":"https:\/\/longlifechallenge.eu\/de\/wp-json\/wp\/v2\/types\/page"}],"author":[{"embeddable":true,"href":"https:\/\/longlifechallenge.eu\/de\/wp-json\/wp\/v2\/users\/1"}],"replies":[{"embeddable":true,"href":"https:\/\/longlifechallenge.eu\/de\/wp-json\/wp\/v2\/comments?post=870"}],"version-history":[{"count":8,"href":"https:\/\/longlifechallenge.eu\/de\/wp-json\/wp\/v2\/pages\/870\/revisions"}],"predecessor-version":[{"id":4375,"href":"https:\/\/longlifechallenge.eu\/de\/wp-json\/wp\/v2\/pages\/870\/revisions\/4375"}],"wp:attachment":[{"href":"https:\/\/longlifechallenge.eu\/de\/wp-json\/wp\/v2\/media?parent=870"}],"curies":[{"name":"wp","href":"https:\/\/api.w.org\/{rel}","templated":true}]}}

<p>[et_pb_section fb_built=&#8220;1&#8243; fullwidth=&#8220;on&#8220; _builder_version=&#8220;4.11.2&#8243; _module_preset=&#8220;default&#8220; global_colors_info=&#8220;{}&#8220;][et_pb_fullwidth_code _builder_version=&#8220;4.11.2&#8243; _module_preset=&#8220;default&#8220; global_colors_info=&#8220;{}&#8220;]<a class="vp-a vp-dr" href="https://youtu.be/EgfhoYhmSXI" rel="nofollow" data-width="1920" data-height="1080" data-dwrap="1" data-controls="1" data-iv="1"><img decoding="async" class="vp-img" src="https://longlifechallenge.eu/wp-content/uploads/2023/12/cover_video_case_ge.jpg"></a>[/et_pb_fullwidth_code][/et_pb_section][et_pb_section fb_built=&#8220;1&#8243; _builder_version=&#8220;4.11.1&#8243; _module_preset=&#8220;default&#8220; global_colors_info=&#8220;{}&#8220;][et_pb_row column_structure=&#8220;1_2,1_2&#8243; _builder_version=&#8220;4.11.1&#8243; _module_preset=&#8220;default&#8220; global_colors_info=&#8220;{}&#8220;][et_pb_column type=&#8220;1_2&#8243; _builder_version=&#8220;4.11.1&#8243; _module_preset=&#8220;default&#8220; global_colors_info=&#8220;{}&#8220;][et_pb_image src=&#8220;https://longlifechallenge.eu/wp-content/uploads/2021/10/news_healthy.jpg&#8220; title_text=&#8220;news_healthy&#8220; _builder_version=&#8220;4.11.2&#8243; _module_preset=&#8220;default&#8220; global_colors_info=&#8220;{}&#8220;][/et_pb_image][et_pb_image src=&#8220;https://longlifechallenge.eu/wp-content/uploads/2023/12/dossier-DE.jpg&#8220; title_text=&#8220;dossier DE&#8220; url=&#8220;https://longlifechallenge.eu/wp-content/uploads/2023/12/dossier-DE-Y3.pdf&#8220; align=&#8220;center&#8220; _builder_version=&#8220;4.11.2&#8243; _module_preset=&#8220;default&#8220; hover_enabled=&#8220;0&#8243; global_colors_info=&#8220;{}&#8220; sticky_enabled=&#8220;0&#8243;][/et_pb_image][et_pb_text _builder_version=&#8220;4.11.2&#8243; _module_preset=&#8220;default&#8220; global_colors_info=&#8220;{}&#8220;]</p>
<p style="text-align: center;"><strong><a href="https://longlifechallenge.eu/wp-content/uploads/2023/12/dossier-DE-Y3.pdf">Pressemappe</a></strong></p>
<p>[/et_pb_text][/et_pb_column][et_pb_column type=&#8220;1_2&#8243; _builder_version=&#8220;4.11.1&#8243; _module_preset=&#8220;default&#8220; global_colors_info=&#8220;{}&#8220;][et_pb_text _builder_version=&#8220;4.11.2&#8243; _module_preset=&#8220;default&#8220; text_font_size=&#8220;16px&#8220; header_font=&#8220;|800|||||||&#8220; header_text_color=&#8220;#a3195c&#8220; header_font_size=&#8220;40px&#8220; header_font_size_tablet=&#8220;&#8220; header_font_size_phone=&#8220;26px&#8220; header_font_size_last_edited=&#8220;on|phone&#8220; global_colors_info=&#8220;{}&#8220;]</p>
<h1 style="text-align: center;">DIE #LONGLIFECHALLENGE IN DEN MEDIEN</h1>
<p>Verpassen Sie nicht die neuesten Nachrichten über unser Obst und Gemüse und den europäischen Agrarsektor.</p>
<p>Hier finden Sie die neuesten Nachrichten, die immer auf den neuesten Stand gebracht werden, sowie verschiedene aktuelle Materialien.</p>
<p>[/et_pb_text][et_pb_text _builder_version=&#8220;4.11.2&#8243; _module_preset=&#8220;default&#8220; text_font_size=&#8220;16px&#8220; header_font=&#8220;|800|||||||&#8220; header_text_color=&#8220;#a3195c&#8220; header_font_size=&#8220;40px&#8220; custom_margin=&#8220;73px||||false|false&#8220; header_font_size_tablet=&#8220;&#8220; header_font_size_phone=&#8220;26px&#8220; header_font_size_last_edited=&#8220;on|phone&#8220; global_colors_info=&#8220;{}&#8220;]</p>
<h1 style="text-align: center;">PRESSEMELDUNGEN</h1>
<p>&nbsp;</p>
<ul>
<li><a href="https://longlifechallenge.eu/wp-content/uploads/2023/11/10-10-23-NdP-6-FV-Autumn-DE.pdf" target="_blank" rel="noopener"><strong>Obst- und Gemüsesorten, die zum Herbstanfang in keiner Küche fehlen dürfen (10 Oktober 2023)</strong></a></li>
</ul>
<ul>
<li><a href="https://longlifechallenge.eu/wp-content/uploads/2023/11/14-04-23-NdP2-Rising-Prices-Y3-DE.pdf" target="_blank" rel="noopener"><strong>Obst und Gemüse dürfen auf der Einkaufsliste nicht fehlen (14 April 2023)</strong></a></li>
</ul>
<ul>
<li><strong><a href="https://longlifechallenge.eu/wp-content/uploads/2022/12/NdP-Citricos_Alemania-24.10.22.pdf">Die Zitrussaison hat begonnen. Der beste Weg, um den Körper auf die kalten Tage vorzubereiten. (22 Oktober 2022)</a></strong></li>
</ul>
<p><strong></strong></p>
<ul>
<li><strong><a href="https://longlifechallenge.eu/wp-content/uploads/2022/12/V3_NdP-Relanzamiento-CuTe-Healthy_DE_TACT156.pdf">Millionen von Europäern kennen bereits die #longlifechallenge, und Tausende haben sich bereits der gesünderen Herausforderung angeschlossen: mehr körperliche Aktivität und fünf Stück Obst und Gemüse pro Tag (21. Februar 2021)</a></strong></li>
</ul>
<p>[/et_pb_text][/et_pb_column][/et_pb_row][et_pb_row _builder_version=&#8220;4.11.1&#8243; _module_preset=&#8220;default&#8220; global_colors_info=&#8220;{}&#8220;][et_pb_column type=&#8220;4_4&#8243; _builder_version=&#8220;4.11.1&#8243; _module_preset=&#8220;default&#8220; global_colors_info=&#8220;{}&#8220;][et_pb_divider divider_weight=&#8220;2px&#8220; _builder_version=&#8220;4.11.1&#8243; _module_preset=&#8220;default&#8220; global_colors_info=&#8220;{}&#8220;][/et_pb_divider][/et_pb_column][/et_pb_row][/et_pb_section]</p>

<p><a class="vp-a vp-dr" href="https://youtu.be/EgfhoYhmSXI" rel="nofollow" data-width="1920" data-height="1080" data-dwrap="1" data-controls="1" data-iv="1"><img decoding="async" class="vp-img" src="https://longlifechallenge.eu/wp-content/uploads/2023/12/cover_video_case_ge.jpg"></a>PressemappeDIE #LONGLIFECHALLENGE IN DEN MEDIEN Verpassen Sie nicht die neuesten Nachrichten über unser Obst und Gemüse und den europäischen Agrarsektor. Hier finden Sie die neuesten Nachrichten, die immer auf den neuesten Stand gebracht werden, sowie verschiedene aktuelle Materialien.PRESSEMELDUNGEN &nbsp; Obst- und Gemüsesorten, die zum Herbstanfang in [&hellip;]</p>
